 - 1)).
1
Evaluate 1 - 4 - (-13 + 22 + -8).
-4
What is (1 - (2 - 1)) + (-10 - -7)?
-3
-1 - ((-7 - -3) + 1) - 3
-1
Calculate 0 + 0 - (2 + -3 - -1).
0
What is 18 + -10 + -6 + (-1 - -4)?
5
Evaluate 9 - (-10 - -3 - -11).
5
Calculate -11 + -6 + 7 + 4.
-6
What is the value of 0 + 6 + -9 - (-1 - -3)?
-5
(9 - -10) + -4 + 0 - 6
9
What is (1 + -10 - -7) + 1?
-1
-5 + (3 - (-1 - -1))
-2
What is the value of (4 - (-3 - -1)) + (-12 - -13)?
7
5 - (10 + -3 + -3)
1
What is 10 + -4 + -6 + (1 - 3)?
-2
Evaluate 4 - (4 - (-8 - (-2 + -1))).
-5
What is the value of -1 + (-12 - -9) - -8?
4
What is the value of 10 - ((-15 - -16) + (-1 - -4))?
6
What is 0 + 1 + 6 + (-6 - -2)?
3
What is the value of 3 + -8 - (3 + -8)?
0
Calculate -1 - (-3 - (3 + -12 - -3)).
-4
What is 9 + -3 + -2 + 0?
4
0 + 7 - (-13 + 12)
8
Evaluate 6 + -3 + -3 + 3 + -2.
1
6 - (4 - (3 - 3))
2
-7 + 4 - (-1 - (1 + -3))
-4
What is the value of 1 + -2 + (3 - -2 - 2)?
2
7 - (25 - 5) - -6
-7
Evaluate -9 + (-1 + 1 - (2 + -7)).
-4
What is 0 + -3 - (5 + (-1 - 2))?
-5
Evaluate -3 - 0 - -1 - (35 + -33).
-4
Evaluate 20 - 12 - 3 - 12.
-7
Calculate 1 - 3 - (-2 - 1).
1
6 + -3 + -1 + 4 - 11
-5
What is the value of 12 + -13 + 2 + 3 + -9?
-5
What is the value of 8 + -15 + (1 - -10)?
4
Calculate 18 + -9 + -15 - -2.
-4
What is -3 + -4 - (-14 - -5 - -4)?
-2
What is (3 - (6 + -3)) + 4?
4
What is the value of 15 + -13 + 6 - 1?
7
What is -4 - (4 + (-11 - -1)) - -5?
7
Evaluate 6 + (-24 - -22 - (-5 + 1)).
8
(10 - 9 - -5) + -14
-8
Evaluate -6 + (2 - -2) + 4 - 0.
2
What is the value of (10 - 17) + (0 - 5 - -7)?
-5
What is -16 - 2 - -7 - -6 - 3?
-8
Evaluate 68 - 79 - (-3 - 0).
-8
Evaluate 3 + -5 + 6 + -2.
2
Calculate 0 + -1 + (-29 - -32).
2
(6 - (1 - 2 - -7)) + 4
4
Evaluate 3 + -11 + -4 + 8.
-4
What is the value of 1 + (16 - 11) + -13?
-7
Calculate 1 + 0 - (-3 + 5 - -1).
-2
Evaluate (10 + -13 - 8) + 13.
2
5 + -15 - -6 - -1
-3
Evaluate -3 + 5 + (-7 - -3).
-2
What is the value of -1 + (-3 - (-9 - -1))?
4
Evaluate 3 - (-1 + -4 + 14).
-6
What is 31 + -35 + 3 + -1?
-2
20 + -13 - (15 + -1)
-7
Evaluate 11 + -5 - (5 + 2).
-1
Calculate (-1 - -3) + (-3 - 4).
-5
What is the value of -7 + 11 + 0 - (12 + -5)?
-3
(1 + -7 - -3) + 5 - 7
-5
Calculate -4 - (3 - (8 - -3)).
4
(3 - ((-1 - -2) + 0)) + 3
5
What is the value of (0 - (-3 - 0 - 0)) + -8?
-5
Evaluate (-6 - (-5 - -1)) + (0 - -7).
5
What is (1 - 10) + (-15 - -21)?
-3
Evaluate 2 - -7 - (-12 - -16).
5
What is 3 - ((1 - 1) + 2)?
1
(5 - -5) + (-2 - 4)
4
Calculate -2 + -4 - -5 - (-5 + 2).
2
13 - 16 - (-15 + 3)
9
Evaluate 2 + 0 + -3 - (3 + -4).
0
Evaluate -6 + 3 - ((3 - 1) + -4).
-1
Evaluate -3 + 0 + 5 + (1 - 5).
-2
0 + 2 - ((-2 - -4) + -5)
5
(-3 - (8 + (-2 - 3))) + 3
-3
What is 0 + (2 - 7) + (-17 - -24)?
2
What is the value of 9 - (2 - 4) - (7 - 2)?
6
What is the value of 4 + (1 - 8) + -4 - 0?
-7
6 + (-1 - 9) + 2
-2
Evaluate (0 - 0) + -1 + 1.
0
Evaluate 1 + 0 - (4 + -2 + 0).
-1
-3 - (-4 - -6 - (8 + 1))
4
What is the value of (2 - (-2 + 5)) + 5?
4
What is -12 + 3 + 4 + 6 - 2?
-1
Evaluate 10 - 4 - (-28 - -29).
5
Evaluate -10 - -1 - (2 + -5).
-6
3 + -2 + (-6 - -2)
-3
Evaluate 12 + 12 - 11 - 12.
1
Evaluate (19 - 19) + (3 + -3 - 2).
-2
What is (0 - (10 + -4 - 1)) + 2?
-3
Calculate -1 - (-5 - -2) - (-26 + 26).
2
What is (-1 - 2) + -17 + (30 - 8)?
2
What is the value of -4 + (3 - 1) + 1?
-1
What is (2 - (6 - 2)) + -5 + 1?
-6
Evaluate -1 - 5 - ((7 - 4) + -5).
-4
What is (-2 - -4) + 7 - 13?
-4
What is -1 - 5 - (-1 + 1 + -1)?
-5
What is the value of (-3 - 1) + -2 + 4 + -1?
-3
What is 2 + (-2 + 2 - 3)?
-1
Evaluate -8 - 6 - -8 - -11 - 2.
3
What is 2 + -6 + 3 - 1?
-2
What is -4 - (1 + (-1 - 4))?
0
Evaluate -7 - (-20 + 10) - (2 + -3).
4
Evaluate -19 - -26 - (-2 + (-2 - -3)).
8
-3 - (6 + -9 - -2)
-2
What is 0 + 0 + (18 - 2) + -19?
-3
What is -1 + 4 + -8 + 7?
2
Evaluate -3 - ((1 - (-1 + 4)) + -8).
7
Calculate 6 - (-1 - -4 - 2).
5
What is (0 - 0) + 3 + -2 - 4?
-3
Evaluate -5 + (8 + -6 - 2).
-5
-5 + 2 + -2 + 3 + -2
-4
What is (2 + -8 - 0) + 4 - -1?
-1
What is -8 - (11 - 12 - (-1 - 2))?
-10
What is the value of -1 + 3 - (-2 - 1)?
5
-1 + 0 + 9 + -6 + 1
3
(-4 - 0) + 9 + 4
9
What is the value of 0 + (4 - 0 - 6) + 3?
1
2 + (-1 - 2 - -2) - -4
5
Calculate 3 + (5 + -14 - -4).
-2
6 - (7 - (5 + 1))
5
What is -2 - (5 - (-6 + 8))?
-5
Evaluate 5 + -4 + -10 + 4.
-5
What is the value of 14 + -8 + 2 - 3?
5
Calculate ((7 - 2) + 1 - 12) + 10.
4
What is the value of -1 + -2 + (22 - 21)?
-2
-3 - (0 + 2 + -1)
-4
Calculate 2 + (-5 - (-1 - 3)).
1
What is the value of -9 + 6 + 1 + (1 - 6)?
-7
What is the value of -10 + (-4 - (-2 - 9))?
-3
Evaluate -11 + 7 - -4 - 1.
-1
Calculate 7 + -1 + (5 - 7) + -7.
-3
Calculate -3 + (-5 + -4 - (-4 + -5)).
-3
Evaluate 1 - 4 - (9 + 5 + -15).
-2
4 + -12 + 16 + -18
-10
Evaluate 11 + -5 - 6 - (-3 - -7).
-4
Evaluate -9 - (-8 - -4) - -6.
1
What is 10 - (3 + 0 - 1) - 3?
5
What is 9 - (4 + (2 - (4 - 3)))?
4
Calculate 51 - 49 - (5 + 1).
-4
-2 + 2 + -4 + 3
-1
Calculate -2 + 15 + -9 + -3.
1
What is 5 + -1 - (3 + -2)?
3
What is the value of 1 + 0 + (1 - -7) + -7?
2
Calculate (3 - 1) + -3 - (1 + -2).
0
Evaluate 6 - (6 + -4 + 1 + 1).
2
Calculate -6 - (4 + -5 + -6).
1
0 - -12 - (-9 + 20 + -7)
8
Calculate 2 + -3 + 6 + -11.
-6
Calculate -4 + (6 - -3 - 5).
0
What is 0 - 0 - (177 - 172)?
-5
What is the value of 1 - (7 - (-2 + 2 + 2))?
-4
(4 - 5) + 1 + 2
2
2 - (1 - (5 + -7))
-1
Evaluate (-11 - -4) + 2 + 2.
-3
What is 0 + (1 - 0) + 1 - -3?
5
What is 7 + -8 + (2 - -1)?
2
31 + -31 + -2 + 1 + 5
4
What is -5 - (-79 + 75 - (-1 + -4))?
-6
Calculate (5 - 6) + -3 + -1 - -1.
-4
What is the value of -4 - (-14 - (2 - 7))?
5
What is the value of 4 + (-3 - -6 - 9)?
-2
What is (1 - 5) + 2 + 2 + -4?
-4
-5 - (-23 + (13 - 6))
11
-4 + -9 + -1 - -7
-7
Evaluate (-10 + 7 - 3) + 1.
-5
Calculate -43 + 51 - (-1 - -13).
-4
7 - (2 + -1) - 11
-5
Evaluate 53 - 58 - (-2 + 0) - 8.
-11
(0 + 1 - (2 - -1)) + 3
1
Calculate 7 + -10 + 14 + -3.
8
Evaluate -11 + (5 - -17) - 20.
-9
What is the value of -11 + 5 + 1 + 7?
2
What is the value of 6 + 9 + -9 + -2?
4
Evaluate (0 - 4) + (-103 - -115).
8
Calculate (-43 - -33) + (5 - (-2 - -3)).
-6
What is the value of 1 + 0 + 6 - 4?
3
What is the value of -4 + (-6 - (-1 + -5)) + 2?
-2
What is -13 - ((-2 - 0) + -3)?
-8
What is the value of -1 - -1 - (0 + 1) - -3?
2
What is the value of -1 + -8 + 5 + 4?
0
Calculate (2 - 9) + -9 + (0 - -8).
-8
Calculate 4 + (-37 + 36 - (0 + 4)).
-1
11 - 5 - (5 - 1)
2
What is the value of 2 - (6 - -8) - -20?
8
8 - (1 - -1) - (10 - 7)
3
Calculate -5 - (-7 + 7 - (2 - -1)).
-2
Calculate (-8 - -7) + -6 + 25 + -8.
10
-3 + -1 + 5 + -7
-6
Calculate 11 + -3 - (-2 - (-11 + 4)).
3
Evaluate (-7 - (4 - 4)) + 19 + -15.
-3
Evaluate -1 + (-6 + (1 - -3) - -2).
-1
Calculate (-4 - (-26 + 12)) + -13.
-3
Evaluate (-1 - 21) + -115 + 128.
-9
Calculate 11 + -4 + -3 + -5 + -1.
-2
0 + 5 + 0 - (-1 - -6)
0
What is the value of 5 + 3 + -6 + -2?
0
1 - 2 - ((-7 - -2) + 1)
3
7 - (-4 - -5) - 9
-3
Calculate 9 - 6 - (4 - (4 + -2)).
1
Evaluate -5 - -7 - 4 - 3.
-5
12 + -7 - (0 + (-3 - -1))
7
Evaluate -7 + (-1 - 3) + 8.
-3
-15 - (-1 - (12 - 8))
-10
What is (3 - 1) + -9 + -1 + 4?
-4
-3 + -1 + 0 + 2
-2
Calculate (-52 - -56) + 2 + -9.
-3
Calculate 4 - (-16 + 15 + (1 - 1)).
5
What is the value of -12 + (-7 + -1 + 3 - -6)?
-11
What is the value of 15 - ((1 - -1) + 7)?
6
(-2 - -8) + -3 + 0 + -2
1
Calculate 6 + (3 + -1 - 4) + -3.
1
What is (-2 - 4) + (-2 - 2) + 6?
-4
What is 2 + -6 + (-2 - 1) + 3?
-4
Evaluate -4 + 4 - (2 + 0).
-2
Calculate 1 - (5 - 6 - -6).
-4
Evaluate (-1 - (-3 - -1)) + -6.
-5
-40 - -39 - (-3 - (0 - 1))
1
What is -3 + (-3 - -3) - (0 - 0)?
-3
-2 - (0 + -6 + 2)
2
What is (-2 + -2 - 0) + -2 + 11?
5
What is the value of 0 - ((11 - 5) + -1)?
-5
Evaluate 0 + -2 - (-5 + 5).
-2
(-1 - -12) + -29 + 23
5
-1 - (-4 + 0) - (-1 - 1)
5
What is -2 - (-8 - (-7 + 1) - 3)?
3
Evaluate -44 + 43 + 1 + -5.
-5
Calculate -5 + 2 + -10 + 16.
3
Calculate (-55 - -52) + -2 + 4.
-1
(-4 - -18) + -5 - (3 + 0)
6
What is 2 + 2 + (-6 - -1)?
-1
1 - (1 - (3 + -1 + -1))
1
What is -9 - (5 + -5 + -2)?
-7
What is the value of -12 + -2 + 8 - (1 + -1)?
-6
Evaluate 4 + -3 + -2 + -4.
-5
What is (2 - (-1 - 0)) + (-15 - -15)?
3
What is the value of -2 + -2 + 0 + 2?
-2
0 + -3 + 4 + -3 - -3
1
What is the value of -3 - 13 - (-8 - 3)?
-5
Evaluate 0 - ((1 - 1) + (-15